{"id":11,"date":"2016-07-20T16:59:46","date_gmt":"2016-07-20T16:59:46","guid":{"rendered":"http:\/\/demo.hashthemes.com\/total\/?page_id=11"},"modified":"2022-03-16T19:29:04","modified_gmt":"2022-03-16T18:29:04","slug":"o-nas","status":"publish","type":"page","link":"https:\/\/durdzinski-kunicki.pl\/index.php\/o-nas\/","title":{"rendered":"O NAS"},"content":{"rendered":"\t\t<div data-elementor-type=\"wp-page\" data-elementor-id=\"11\" class=\"elementor elementor-11\">\n\t\t\t\t\t\t<section class=\"elementor-section elementor-top-section elementor-element elementor-element-15d67cc elementor-section-content-middle elementor-section-boxed elementor-section-height-default elementor-section-height-default\" data-id=\"15d67cc\" data-element_type=\"section\">\n\t\t\t\t\t\t<div class=\"elementor-container elementor-column-gap-wide\">\n\t\t\t\t\t<div class=\"elementor-column elementor-col-50 elementor-top-column elementor-element elementor-element-22b30ee\" data-id=\"22b30ee\" data-element_type=\"column\">\n\t\t\t<div class=\"elementor-widget-wrap elementor-element-populated\">\n\t\t\t\t\t\t<div class=\"elementor-element elementor-element-de22a1f elementor-widget elementor-widget-image\" data-id=\"de22a1f\" data-element_type=\"widget\" data-widget_type=\"image.default\">\n\t\t\t\t<div class=\"elementor-widget-container\">\n\t\t\t\t\t\t\t\t\t\t\t\t\t\t\t<img fetchpriority=\"high\" decoding=\"async\" width=\"2560\" height=\"1718\" src=\"https:\/\/durdzinski-kunicki.pl\/wp-content\/uploads\/2022\/03\/DSC_0048-scaled.jpg\" class=\"attachment-full size-full wp-image-1445\" alt=\"\" srcset=\"https:\/\/durdzinski-kunicki.pl\/wp-content\/uploads\/2022\/03\/DSC_0048-scaled.jpg 2560w, https:\/\/durdzinski-kunicki.pl\/wp-content\/uploads\/2022\/03\/DSC_0048-300x201.jpg 300w, https:\/\/durdzinski-kunicki.pl\/wp-content\/uploads\/2022\/03\/DSC_0048-1024x687.jpg 1024w, https:\/\/durdzinski-kunicki.pl\/wp-content\/uploads\/2022\/03\/DSC_0048-768x516.jpg 768w, https:\/\/durdzinski-kunicki.pl\/wp-content\/uploads\/2022\/03\/DSC_0048-1536x1031.jpg 1536w, https:\/\/durdzinski-kunicki.pl\/wp-content\/uploads\/2022\/03\/DSC_0048-2048x1375.jpg 2048w\" sizes=\"(max-width: 2560px) 100vw, 2560px\" \/>\t\t\t\t\t\t\t\t\t\t\t\t\t\t\t<\/div>\n\t\t\t\t<\/div>\n\t\t\t\t\t<\/div>\n\t\t<\/div>\n\t\t\t\t<div class=\"elementor-column elementor-col-50 elementor-top-column elementor-element elementor-element-0388de6\" data-id=\"0388de6\" data-element_type=\"column\">\n\t\t\t<div class=\"elementor-widget-wrap elementor-element-populated\">\n\t\t\t\t\t\t<div class=\"elementor-element elementor-element-d6c7e0f elementor-widget elementor-widget-heading\" data-id=\"d6c7e0f\" data-element_type=\"widget\" data-widget_type=\"heading.default\">\n\t\t\t\t<div class=\"elementor-widget-container\">\n\t\t\t\t\t<h2 class=\"elementor-heading-title elementor-size-default\">O nas<\/h2>\t\t\t\t<\/div>\n\t\t\t\t<\/div>\n\t\t\t\t<div class=\"elementor-element elementor-element-75e4add elementor-widget elementor-widget-text-editor\" data-id=\"75e4add\" data-element_type=\"widget\" data-widget_type=\"text-editor.default\">\n\t\t\t\t<div class=\"elementor-widget-container\">\n\t\t\t\t\t\t\t\t\t<p>Prywatna poradnia \u201eDurdzi\u0144ski &amp; Kunicki\u201d powsta\u0142a na pocz\u0105tku roku 2016 z inicjatywy dw\u00f3ch do\u015bwiadczonych lekarzy chirurg\u00f3w: Janusza Durdzi\u0144skiego oraz Piotra Kunickiego.<br \/>Ich celem by\u0142o stworzenie miejsca, w kt\u00f3rym pacjent zostanie dok\u0142adnie przebadany, zdiagnozowany i leczony w spos\u00f3b dla niego optymalny, skuteczny oraz co najwa\u017cniejsze \u2013 bezpieczny. Powsta\u0142a w ten spos\u00f3b poradnia z gabinetem lekarskim oraz nowocze\u015bnie wyposa\u017conym gabinetem zabiegowym, przystosowanym do wykonywania zabieg\u00f3w w znieczuleniu miejscowym. Naszymi pacjentami zajmuj\u0105 si\u0119 wysoko wykwalifikowani lekarze specjali\u015bci, kt\u00f3rzy prowadz\u0105 ka\u017cdego pacjenta od pocz\u0105tku do ko\u0144ca, nawet je\u015bli leczenie wybiega poza mo\u017cliwo\u015bci naszej poradni. W przypadku gdy pacjent wymaga zabiegu operacyjnego, mo\u017ce zosta\u0107 u nas zakwalifikowany do takiego leczenia w plac\u00f3wkach \u015bwiadcz\u0105cych us\u0142ugi zar\u00f3wno w ramach NFZ jak formie odp\u0142atnej.<\/p><p>W roku 2020 do zespo\u0142u poradni D&amp;K do\u0142\u0105czy\u0142a pediatra lek. med. Beata Buzek-Durdzi\u0144ska. Od tej pory nasze progi zacz\u0119li odwiedza\u0107 r\u00f3wnie\u017c najm\u0142odsi pacjenci co z kolei sk\u0142oni\u0142o nas do my\u015blenia o rozbudowie poradni o dodatkowe gabinety oraz wi\u0119ksz\u0105 poczekalni\u0119.<\/p><p>Projekt uda\u0142o si\u0119 zrealizowa\u0107 z ko\u0144cem 2021 roku. Tym samym powi\u0119kszyli\u015bmy poradni\u0119 o niezale\u017cny gabinet pediatryczny, gabinet fizjoterapii oraz przestronn\u0105 poczekalni\u0119 wraz z k\u0105cikiem zabaw dla dzieci.<\/p><p>Na dzie\u0144 dzisiejszy zapewniamy opiek\u0119 medyczn\u0105 w nast\u0119puj\u0105cych dziedzinach:<\/p><ul><li>chirurgia og\u00f3lna<\/li><li>proktologia<\/li><li>poradnia chor\u00f3b piersi<\/li><li>leczenie ran przewlek\u0142ych<\/li><li>pediatria<\/li><li>fizjoterapia<\/li><\/ul>\t\t\t\t\t\t\t\t<\/div>\n\t\t\t\t<\/div>\n\t\t\t\t<div class=\"elementor-element elementor-element-5b63cd7 elementor-align-center elementor-mobile-align-center elementor-widget elementor-widget-button\" data-id=\"5b63cd7\" data-element_type=\"widget\" data-widget_type=\"button.default\">\n\t\t\t\t<div class=\"elementor-widget-container\">\n\t\t\t\t\t\t\t\t\t<div class=\"elementor-button-wrapper\">\n\t\t\t\t\t<a class=\"elementor-button elementor-button-link elementor-size-md\" href=\"#\">\n\t\t\t\t\t\t<span class=\"elementor-button-content-wrapper\">\n\t\t\t\t\t\t\t\t\t<span class=\"elementor-button-text\">Zarejestruj si\u0119<\/span>\n\t\t\t\t\t<\/span>\n\t\t\t\t\t<\/a>\n\t\t\t\t<\/div>\n\t\t\t\t\t\t\t\t<\/div>\n\t\t\t\t<\/div>\n\t\t\t\t\t<\/div>\n\t\t<\/div>\n\t\t\t\t\t<\/div>\n\t\t<\/section>\n\t\t\t\t<\/div>\n\t\t","protected":false},"excerpt":{"rendered":"<p>Elit scripta volumus cu vim, cum no vidit prodesset interesset. Mollis legendos ne est, ex pri latine euismod apeirian. Nec molestie senserit an, eos no eirmod salutatus.<br \/>\nPro mucius everti ponderum at, vix reque scaevola eu. Ex nam veniam munere, at dico dictas mei. Ius ei assum assueverit. Nam ut assum nominavi.<\/p>\n","protected":false},"author":1,"featured_media":0,"parent":0,"menu_order":0,"comment_status":"closed","ping_status":"closed","template":"","meta":{"footnotes":""},"class_list":["post-11","page","type-page","status-publish","hentry"],"_links":{"self":[{"href":"https:\/\/durdzinski-kunicki.pl\/index.php\/wp-json\/wp\/v2\/pages\/11","targetHints":{"allow":["GET"]}}],"collection":[{"href":"https:\/\/durdzinski-kunicki.pl\/index.php\/wp-json\/wp\/v2\/pages"}],"about":[{"href":"https:\/\/durdzinski-kunicki.pl\/index.php\/wp-json\/wp\/v2\/types\/page"}],"author":[{"embeddable":true,"href":"https:\/\/durdzinski-kunicki.pl\/index.php\/wp-json\/wp\/v2\/users\/1"}],"replies":[{"embeddable":true,"href":"https:\/\/durdzinski-kunicki.pl\/index.php\/wp-json\/wp\/v2\/comments?post=11"}],"version-history":[{"count":16,"href":"https:\/\/durdzinski-kunicki.pl\/index.php\/wp-json\/wp\/v2\/pages\/11\/revisions"}],"predecessor-version":[{"id":1542,"href":"https:\/\/durdzinski-kunicki.pl\/index.php\/wp-json\/wp\/v2\/pages\/11\/revisions\/1542"}],"wp:attachment":[{"href":"https:\/\/durdzinski-kunicki.pl\/index.php\/wp-json\/wp\/v2\/media?parent=11"}],"curies":[{"name":"wp","href":"https:\/\/api.w.org\/{rel}","templated":true}]}}

<div data-elementor-type="wp-page" data-elementor-id="11" class="elementor elementor-11">
						<section class="elementor-section elementor-top-section elementor-element elementor-element-15d67cc elementor-section-content-middle elementor-section-boxed elementor-section-height-default elementor-section-height-default" data-id="15d67cc" data-element_type="section">
						<div class="elementor-container elementor-column-gap-wide">
					<div class="elementor-column elementor-col-50 elementor-top-column elementor-element elementor-element-22b30ee" data-id="22b30ee" data-element_type="column">
			<div class="elementor-widget-wrap elementor-element-populated">
						<div class="elementor-element elementor-element-de22a1f elementor-widget elementor-widget-image" data-id="de22a1f" data-element_type="widget" data-widget_type="image.default">
				<div class="elementor-widget-container">
															<img fetchpriority="high" decoding="async" width="2560" height="1718" src="https://durdzinski-kunicki.pl/wp-content/uploads/2022/03/DSC_0048-scaled.jpg" class="attachment-full size-full wp-image-1445" alt="" srcset="https://durdzinski-kunicki.pl/wp-content/uploads/2022/03/DSC_0048-scaled.jpg 2560w, https://durdzinski-kunicki.pl/wp-content/uploads/2022/03/DSC_0048-300x201.jpg 300w, https://durdzinski-kunicki.pl/wp-content/uploads/2022/03/DSC_0048-1024x687.jpg 1024w, https://durdzinski-kunicki.pl/wp-content/uploads/2022/03/DSC_0048-768x516.jpg 768w, https://durdzinski-kunicki.pl/wp-content/uploads/2022/03/DSC_0048-1536x1031.jpg 1536w, https://durdzinski-kunicki.pl/wp-content/uploads/2022/03/DSC_0048-2048x1375.jpg 2048w" sizes="(max-width: 2560px) 100vw, 2560px" />															</div>
				</div>
					</div>
		</div>
				<div class="elementor-column elementor-col-50 elementor-top-column elementor-element elementor-element-0388de6" data-id="0388de6" data-element_type="column">
			<div class="elementor-widget-wrap elementor-element-populated">
						<div class="elementor-element elementor-element-d6c7e0f elementor-widget elementor-widget-heading" data-id="d6c7e0f" data-element_type="widget" data-widget_type="heading.default">
				<div class="elementor-widget-container">
					<h2 class="elementor-heading-title elementor-size-default">O nas</h2>				</div>
				</div>
				<div class="elementor-element elementor-element-75e4add elementor-widget elementor-widget-text-editor" data-id="75e4add" data-element_type="widget" data-widget_type="text-editor.default">
				<div class="elementor-widget-container">
									<p>Prywatna poradnia „Durdziński &amp; Kunicki” powstała na początku roku 2016 z inicjatywy dwóch doświadczonych lekarzy chirurgów: Janusza Durdzińskiego oraz Piotra Kunickiego.<br />Ich celem było stworzenie miejsca, w którym pacjent zostanie dokładnie przebadany, zdiagnozowany i leczony w sposób dla niego optymalny, skuteczny oraz co najważniejsze – bezpieczny. Powstała w ten sposób poradnia z gabinetem lekarskim oraz nowocześnie wyposażonym gabinetem zabiegowym, przystosowanym do wykonywania zabiegów w znieczuleniu miejscowym. Naszymi pacjentami zajmują się wysoko wykwalifikowani lekarze specjaliści, którzy prowadzą każdego pacjenta od początku do końca, nawet jeśli leczenie wybiega poza możliwości naszej poradni. W przypadku gdy pacjent wymaga zabiegu operacyjnego, może zostać u nas zakwalifikowany do takiego leczenia w placówkach świadczących usługi zarówno w ramach NFZ jak formie odpłatnej.</p><p>W roku 2020 do zespołu poradni D&amp;K dołączyła pediatra lek. med. Beata Buzek-Durdzińska. Od tej pory nasze progi zaczęli odwiedzać również najmłodsi pacjenci co z kolei skłoniło nas do myślenia o rozbudowie poradni o dodatkowe gabinety oraz większą poczekalnię.</p><p>Projekt udało się zrealizować z końcem 2021 roku. Tym samym powiększyliśmy poradnię o niezależny gabinet pediatryczny, gabinet fizjoterapii oraz przestronną poczekalnię wraz z kącikiem zabaw dla dzieci.</p><p>Na dzień dzisiejszy zapewniamy opiekę medyczną w następujących dziedzinach:</p><ul><li>chirurgia ogólna</li><li>proktologia</li><li>poradnia chorób piersi</li><li>leczenie ran przewlekłych</li><li>pediatria</li><li>fizjoterapia</li></ul>								</div>
				</div>
				<div class="elementor-element elementor-element-5b63cd7 elementor-align-center elementor-mobile-align-center elementor-widget elementor-widget-button" data-id="5b63cd7" data-element_type="widget" data-widget_type="button.default">
				<div class="elementor-widget-container">
									<div class="elementor-button-wrapper">
					<a class="elementor-button elementor-button-link elementor-size-md" href="#">
						<span class="elementor-button-content-wrapper">
									<span class="elementor-button-text">Zarejestruj się</span>
					</span>
					</a>
				</div>
								</div>
				</div>
					</div>
		</div>
					</div>
		</section>
				</div>
